{"id":845,"date":"2018-10-15T14:43:38","date_gmt":"2018-10-15T14:43:38","guid":{"rendered":"https:\/\/www.ipsenlearningnetwork.com\/privacy-policy\/"},"modified":"2019-08-12T13:51:28","modified_gmt":"2019-08-12T13:51:28","slug":"privacy-policy","status":"publish","type":"page","link":"https:\/\/www.ipsenlearningnetwork.com\/?page_id=845&lang=mx","title":{"rendered":"Pol\u00edtica de privacidad"},"content":{"rendered":"<div class=\"wpb-content-wrapper\"><p>[vc_row full_width=&#8221;stretch_row&#8221; addstyles=&#8221;background-position: center top;&#8221; css=&#8221;.vc_custom_1539613059000{background-image: url(https:\/\/www.ipsenlearningnetwork.com\/websites\/CLIMB_BR_IPSENLEARNINGNET\/wp-content\/uploads\/2018\/10\/09141818\/homebg-3.png?id=84) !important;background-position: center !important;background-repeat: no-repeat !important;background-size: cover !important;}&#8221;][vc_column width=&#8221;1\/2&#8243; css=&#8221;.vc_custom_1521471027953{padding-bottom: 15px !important;}&#8221;][vc_column_text css=&#8221;.vc_custom_1521471124719{padding-top: 140px !important;}&#8221;]<\/p>\n<h1>Pol\u00edtica de privacidad<\/h1>\n<p>[\/vc_column_text]<a href='https:\/\/www.ipsenlearningnetwork.com\/?lang=mx' target='_self' title='' class='dt-sc-button   medium     '  style=\"background-color:#5bb848;border-color:#5bb848;color:#ffffff;\"> Regresar <\/a>[\/vc_column][\/vc_row][vc_row][vc_column][vc_column_text css=&#8221;.vc_custom_1565614307231{margin-top: 15px !important;}&#8221;]Esta Pol\u00edtica de Privacidad describe la forma en la que la Informaci\u00f3n Personal de las personas f\u00edsicas (\u201c<strong>Usuarios<\/strong>\u201d) que usan esta web de CLIMB (the \u201c<strong>Web<\/strong>\u201d) es recolectada, procesada, almacenada y usada por Ipsen Pharma SAS con direcci\u00f3n en 65 Quai Georges Gorse, 92100 Boulogne-Billancourt, Francia (\u201c<strong>Ipsen<\/strong>\u201d), es el Responsable del Tratamiento de esta informaci\u00f3n. ESTA POL\u00cdTICA DE PRIVACIDAD PUEDE CAMBIAR, SER MODIFICADA, O ACTUALIZADA PERI\u00d3DICAMENTE SIN NOTIFICACI\u00d3N PREVIA. Sin embargo, su Informaci\u00f3n Personal (como se define abajo) siempre ser\u00e1 gestionada de acuerdo con la Pol\u00edtica de privacidad que estaba vigente en el momento en que fue recolectada.[\/vc_column_text][vc_custom_heading text=&#8221;1. Informaci\u00f3n Personal Recolectada&#8221; google_fonts=&#8221;font_family:ABeeZee%3Aregular%2Citalic|font_style:400%20regular%3A400%3Anormal&#8221;][vc_column_text]Ipsen podr\u00e1 recolectar Informaci\u00f3n Personal cuando se registre como Usuario de la Web y o acceda o use la Web, incluyendo su nombre, direcci\u00f3n de e-mail, n\u00famero de tel\u00e9fono, ciudad, pa\u00eds de residencia, especialidad, profesi\u00f3n, hospital, n\u00famero de a\u00f1os de pr\u00e1ctica, contrase\u00f1a (\u201c&lt;strong&gt;Informaci\u00f3n Personal&lt;\/strong&gt;\u201d). Si usted desea registrarse como usuario de la Web, recibir informaci\u00f3n por parte de Ipsen y\/o contactar con Ipsen, estas categor\u00edas de Informaci\u00f3n Personal son obligatorias. Cuando usted se registre como Usuario, detallaremos claramente qu\u00e9 informaci\u00f3n es necesaria para el registro, y qu\u00e9 informaci\u00f3n es opcional y puede facilitar discrecionalmente.[\/vc_column_text][vc_custom_heading text=&#8221;2. Uso de la Informaci\u00f3n Personal&#8221; google_fonts=&#8221;font_family:ABeeZee%3Aregular%2Citalic|font_style:400%20regular%3A400%3Anormal&#8221;][vc_column_text]Su Informaci\u00f3n Personal s\u00f3lo ser\u00e1 procesada para los prop\u00f3sitos de intereses leg\u00edtimos perseguidos por Ipsen, es decir, tener una mejor interacci\u00f3n con usted. M\u00e1s espec\u00edficamente, si usted proporciona su Informaci\u00f3n Personal usted acepta que el personal o agentes de Ipsen podr\u00e1n:<\/p>\n<ul>\n<li>Crear y administrar su cuenta, y almacenar sus preferencias personales;<\/li>\n<li>Enviarle informaci\u00f3n del servicio a trav\u00e9s del correo (ej. registro, cambios de contrase\u00f1a, actualizaci\u00f3n de la Web);<\/li>\n<li>Enviarle seguimientos y recordatorios relacionados con su actividad en la Web;<\/li>\n<li>Proporcionar a otros Usuarios de la Web registrados como Formadores con informaci\u00f3n sobre usted y su actividad en la web (ej: progreso de su educaci\u00f3n m\u00e9dica a trav\u00e9s de la Web, resultado de las pruebas a trav\u00e9s de la Web, registro a la formaci\u00f3n pr\u00e1ctica del CLIMB).<\/li>\n<li>Si usted est\u00e1 registrado como formador, proporcionar informaci\u00f3n sobre usted a otros Usuarios de la Web;<\/li>\n<li>Proporcionarle a usted informaci\u00f3n que creamos que pueda ser de inter\u00e9s para usted, incluyendo boletines informativos por correo electr\u00f3nico, informaci\u00f3n sobre los m\u00f3dulos y la formaci\u00f3n, invitaci\u00f3n a entrenamientos.<\/li>\n<\/ul>\n<p>Ipsen har\u00e1 un seguimiento del n\u00famero de interacciones realizadas, as\u00ed como tambi\u00e9n de su duraci\u00f3n. Ipsen tambi\u00e9n puede pedirle que responda varias preguntas breves, peri\u00f3dicamente para conseguir su opini\u00f3n sobre su nivel de satisfacci\u00f3n con esta Web, o como parte de la preparaci\u00f3n a las sesiones formativas del CLIMB a las cuales se haya registrado a trav\u00e9s de la Web. Su Informaci\u00f3n Personal no ser\u00e1 vendida. Ipsen, o en algunos casos sus agentes, pueden almacenar la Informaci\u00f3n Personal en una base de datos electr\u00f3nica. Ipsen y sus representantes tambi\u00e9n podr\u00edan intercambiar tales datos entre s\u00ed, con usted, o con otros Usuarios de la Web registrados como profesores, a trav\u00e9s de internet o de la intranet, para los prop\u00f3sitos de procesar los datos, enviarle por correo informaci\u00f3n relacionada con la Web, enviarle por correo respuesta a sus solicitudes, o llevar a cabo los servicios descritos anteriormente. Ipsen puede divulgar sus Datos Personales en respuesta a una ley aplicable, mandato judicial, o regulaci\u00f3n gubernamental, o si dicha divulgaci\u00f3n es necesaria para apoyar cualquier investigaci\u00f3n criminal o legal o proceder aqu\u00ed o en el extranjero.[\/vc_column_text][vc_custom_heading text=&#8221;3. Tiempo de conservaci\u00f3n de su Informaci\u00f3n Personal&#8221; google_fonts=&#8221;font_family:ABeeZee%3Aregular%2Citalic|font_style:400%20regular%3A400%3Anormal&#8221;][vc_column_text]Su Informaci\u00f3n Personal ser\u00e1 procesada y almacenada por un m\u00e1ximo de tres (3) a\u00f1os a partir de: (i) la recogida de su Informaci\u00f3n Personal, o (ii) el \u00faltimo contacto que tuvimos con usted.[\/vc_column_text][vc_custom_heading text=&#8221;4. Seguridad&#8221; google_fonts=&#8221;font_family:ABeeZee%3Aregular%2Citalic|font_style:400%20regular%3A400%3Anormal&#8221;][vc_column_text]Su Informaci\u00f3n Personal se almacenar\u00e1 en servidores seguros y se mantendr\u00e1 estrictamente confidencial. Usted ser\u00e1 responsable de mantener en secreto su cuenta y contrase\u00f1a.[\/vc_column_text][vc_custom_heading text=&#8221;5. Sus derechos de Privacidad de Datos&#8221; google_fonts=&#8221;font_family:ABeeZee%3Aregular%2Citalic|font_style:400%20regular%3A400%3Anormal&#8221;][vc_column_text]Usted tiene los siguientes derechos respecto a su informaci\u00f3n que pueden aplicarse dependiendo de las circunstancias y de la legislaci\u00f3n aplicable:<\/p>\n<table>\n<tbody>\n<tr>\n<th style=\"text-align: left; width: 20%;\"><strong>Right<\/strong><\/th>\n<th style=\"text-align: left;\"><strong>\u00bfQu\u00e9 significa esto?<\/strong><\/th>\n<\/tr>\n<tr>\n<td style=\"text-align: left;\"><strong>1. El derecho al acceso<\/strong><\/td>\n<td style=\"text-align: left;\">Usted tiene el derecho a obtener acceso a la informaci\u00f3n procesada por Ipsen.<\/td>\n<\/tr>\n<tr>\n<td style=\"text-align: left;\"><strong>2. El derecho a la rectificaci\u00f3n<\/strong><\/td>\n<td style=\"text-align: left;\">Usted tiene el derecho a que se corrija su informaci\u00f3n si es incorrecta o incompleta.<\/td>\n<\/tr>\n<tr>\n<td style=\"text-align: left;\"><strong>3. El derecho a la supresi\u00f3n<\/strong><\/td>\n<td style=\"text-align: left;\">Este tambi\u00e9n se conoce como \u2018el derecho al olvido\u2019 y, en t\u00e9rminos simples, le permite solicitar la supresi\u00f3n o eliminaci\u00f3n de su informaci\u00f3n donde no hay raz\u00f3n de peso para que Ipsen siga us\u00e1ndolo. Este no es un derecho general de supresi\u00f3n; hay excepciones.<\/td>\n<\/tr>\n<tr>\n<td style=\"text-align: left;\"><strong>4. El derecho a la limitaci\u00f3n del tratamiento de su Informaci\u00f3n<\/strong><\/td>\n<td style=\"text-align: left;\">Usted tiene los derechos de \u2018bloquear\u2019 o suprimir further el uso posterior de su informaci\u00f3n en ciertas circunstancias. Cuando el tratamiento de los datos est\u00e9 limitado, Ipsen todav\u00eda podr\u00e1 almacenar su Informaci\u00f3n, pero no la podr\u00e1 usar.<\/td>\n<\/tr>\n<tr>\n<td style=\"text-align: left;\"><strong>5. El derecho a la portabilidad de los datos<\/strong><\/td>\n<td style=\"text-align: left;\">Usted tiene los derechos de obtener y reutilizar sus datos personales en un formato estructurado, com\u00fanmente utilizado y legible por m\u00e1quinas en ciertas circunstancias.<\/td>\n<\/tr>\n<tr>\n<td style=\"text-align: left;\"><strong>6. El derecho a quejarse <\/strong><\/td>\n<td style=\"text-align: left;\">Usted tiene el derecho a quejarse de ciertos tipos de tratamiento de los datos, en ciertas circunstancias.<\/td>\n<\/tr>\n<\/tbody>\n<\/table>\n<p>Si usted quisiera contactarnos por el uso que hacemos de su Informaci\u00f3n Personal o ejercer cualquiera de sus derechos respecto a su Informaci\u00f3n Personal, o si usted est\u00e1 descontento acerca de c\u00f3mo su Informaci\u00f3n ha sido tratada, por favor env\u00ede un correo a la Oficina de Privacidad de Datos de Ipsen a <a href=\"mailto:dataprivacy@ipsen.com\">dataprivacy@ipsen.com<\/a>. Si usted nos contacta, por favor indique la raz\u00f3n espec\u00edfica de por qu\u00e9 nos contacta e incluya una copia de un documento identificativo (ej.: DNI, pasaporte, licencia de conducir), sujeto a los requisitos legales aplicables. Las solicitudes para eliminar datos personales estar\u00e1n sujetas a los informes legales y \u00e9ticos aplicables o a las obligaciones de archivo o retenci\u00f3n de documentos que se nos impongan. En este caso, se le informar\u00e1 sobre esto y su Informaci\u00f3n Personal solamente ser\u00e1 guardada para conseguir aquellos prop\u00f3sitos. Si usted no est\u00e1 satisfecho con la respuesta a su queja o piensa que el tratamiento de su informaci\u00f3n no cumple con la ley de protecci\u00f3n de datos, puede presentar una queja ante la autoridad de supervisi\u00f3n de datos pertinente.[\/vc_column_text][vc_custom_heading text=&#8221;6. Darse de baja&#8221; google_fonts=&#8221;font_family:ABeeZee%3Aregular%2Citalic|font_style:400%20regular%3A400%3Anormal&#8221;][vc_column_text]Usted puede darse de baja en cualquier momento enviando un correo electr\u00f3nico a <a href=\"mailto:consent@ipsen.com\">dataprivacy@ipsen.com<\/a>[\/vc_column_text][vc_custom_heading text=&#8221;7. Cookies&#8221; google_fonts=&#8221;font_family:ABeeZee%3Aregular%2Citalic|font_style:400%20regular%3A400%3Anormal&#8221;][vc_column_text]Esta Web utiliza cookies de an\u00e1lisis an\u00f3nimas, incluyendo cookies generadas por Google Analytics. Las Cookies son peque\u00f1os ficheros que son descargados en su ordenador, tel\u00e9fono u otro dispositivo. Las cookies son almacenadas en el disco duro de su dispositivo sin ning\u00fan riesgo de da\u00f1arlo. Las cookies nos permiten recoger de manera autom\u00e1tica ciertos datos del Usuario durante su uso de la Web, tales como:<\/p>\n<ul>\n<li>La direcci\u00f3n IP del Usuario (esta direcci\u00f3n, que permite acceso a Internet, est\u00e1 asignada al dispositivo del Usuario por el proveedor de servicios de Internet y la informaci\u00f3n, la cual cambia de acuerdo a la sesi\u00f3n de Usuario, no es directamente identificable);<\/li>\n<li>Los datos y tiempo de la visita del Usuario en la Web;<\/li>\n<li>El sistema operativo del dispositivo del Usuario as\u00ed como tambi\u00e9n su navegador;<\/li>\n<li>C\u00f3mo el usuario accede a la Aplicaci\u00f3n.<\/li>\n<\/ul>\n<p>Esta Web utiliza varios tipos de cookies:<strong>Cookies estrictamente necesarias: <\/strong>Estas cookies son esenciales para permitir que pueda moverse por la Web de forma segura y usar sus caracter\u00edsticas.<strong>Cookies de rendimiento:<\/strong> Estas cookies recogen informaci\u00f3n anal\u00edtica sobre c\u00f3mo los usuarios usan la Web, por ejemplo, qu\u00e9 p\u00e1ginas visitan m\u00e1s a menudo, y si aparecen mensajes de error en la Web. Esto incluye cookies anal\u00edticas generadas por Google Analytics. Estos tipos de cookies no recogen informaci\u00f3n que identifique directamente a los usuarios, sino que utilizan n\u00fameros y c\u00f3digos. Esta informaci\u00f3n s\u00f3lo es usada para administrar la Web y mejorar la experiencia del Usuario. La informaci\u00f3n no se usa para crear perfiles de los Usuarios o para enviar publicidad dirigida. Ipsen no guardar\u00e1 los datos personales recogidos (identificador de cookies) por m\u00e1s de (13) meses. Visitando esta Web, usted acepta el uso de cookies de rendimiento en su dispositivo. Si usted no quiere recibir las cookies, usted puede modificar su navegador para que le notifique cuando las cookies le son enviadas o las pueda rechazar. Tambi\u00e9n puede eliminar las cookies que ya se han configurado. Si quiere restringir o bloquear las cookies del navegador web las cuales son configuradas en su dispositivo entonces usted puede hacer esto mediante la configuraci\u00f3n de su navegador; la funci\u00f3n Ayuda dentro de su navegador deber\u00eda decirle c\u00f3mo. Alternativamente, usted puede visitar visit www.aboutcookies.org, que contiene informaci\u00f3n sobre c\u00f3mo hacer esto en una gran variedad de navegadores. Esta Pol\u00edtica de Privacidad fue modificada por \u00faltima vez el 27 de Marzo de 2018.[\/vc_column_text][\/vc_column][\/vc_row]<\/p>\n<\/div>","protected":false},"excerpt":{"rendered":"<p>[vc_row full_width=&#8221;stretch_row&#8221; addstyles=&#8221;background-position: center top;&#8221; css=&#8221;.vc_custom_1539613059000{background-image: url(https:\/\/www.ipsenlearningnetwork.com\/websites\/CLIMB_BR_IPSENLEARNINGNET\/wp-content\/uploads\/2018\/10\/09141818\/homebg-3.png?id=84) !important;background-position: center !important;background-repeat: no-repeat !important;background-size: cover !important;}&#8221;][vc_column width=&#8221;1\/2&#8243; css=&#8221;.vc_custom_1521471027953{padding-bottom: 15px !important;}&#8221;][vc_column_text css=&#8221;.vc_custom_1521471124719{padding-top: 140px !important;}&#8221;] Pol\u00edtica de privacidad [\/vc_column_text][\/vc_column][\/vc_row][vc_row][vc_column][vc_column_text css=&#8221;.vc_custom_1565614307231{margin-top: 15px !important;}&#8221;]Esta Pol\u00edtica de Privacidad describe la forma en la que la Informaci\u00f3n Personal de las personas f\u00edsicas (\u201cUsuarios\u201d) que usan esta web de CLIMB (the \u201cWeb\u201d) es recolectada, [&hellip;]<\/p>\n","protected":false},"author":1,"featured_media":0,"parent":0,"menu_order":0,"comment_status":"closed","ping_status":"closed","template":"tpl-home.php","meta":{"footnotes":""},"class_list":["post-845","page","type-page","status-publish","hentry"],"_links":{"self":[{"href":"https:\/\/www.ipsenlearningnetwork.com\/index.php?rest_route=\/wp\/v2\/pages\/845","targetHints":{"allow":["GET"]}}],"collection":[{"href":"https:\/\/www.ipsenlearningnetwork.com\/index.php?rest_route=\/wp\/v2\/pages"}],"about":[{"href":"https:\/\/www.ipsenlearningnetwork.com\/index.php?rest_route=\/wp\/v2\/types\/page"}],"author":[{"embeddable":true,"href":"https:\/\/www.ipsenlearningnetwork.com\/index.php?rest_route=\/wp\/v2\/users\/1"}],"replies":[{"embeddable":true,"href":"https:\/\/www.ipsenlearningnetwork.com\/index.php?rest_route=%2Fwp%2Fv2%2Fcomments&post=845"}],"version-history":[{"count":9,"href":"https:\/\/www.ipsenlearningnetwork.com\/index.php?rest_route=\/wp\/v2\/pages\/845\/revisions"}],"predecessor-version":[{"id":1365,"href":"https:\/\/www.ipsenlearningnetwork.com\/index.php?rest_route=\/wp\/v2\/pages\/845\/revisions\/1365"}],"wp:attachment":[{"href":"https:\/\/www.ipsenlearningnetwork.com\/index.php?rest_route=%2Fwp%2Fv2%2Fmedia&parent=845"}],"curies":[{"name":"wp","href":"https:\/\/api.w.org\/{rel}","templated":true}]}}