{"id":292,"date":"2018-10-15T15:51:05","date_gmt":"2018-10-15T15:51:05","guid":{"rendered":"https:\/\/www.ipsenlearningnetwork.com\/terms-and-conditions\/"},"modified":"2021-01-12T15:05:15","modified_gmt":"2021-01-12T15:05:15","slug":"terms-and-conditions","status":"publish","type":"page","link":"https:\/\/www.ipsenlearningnetwork.com\/?page_id=292&lang=pt-br","title":{"rendered":"Termos e Condi\u00e7\u00f5es"},"content":{"rendered":"<div class=\"wpb-content-wrapper\"><p>[vc_row full_width=&#8221;stretch_row&#8221; css=&#8221;.vc_custom_1539616984372{background-image: url(https:\/\/www.ipsenlearningnetwork.com\/websites\/CLIMB_BR_IPSENLEARNINGNET\/wp-content\/uploads\/2018\/10\/09141818\/homebg-3.png?id=84) !important;background-position: center !important;background-repeat: no-repeat !important;background-size: cover !important;}&#8221; addstyles=&#8221;background-position: center top;&#8221;][vc_column width=&#8221;1\/2&#8243; css=&#8221;.vc_custom_1521471498817{padding-bottom: 15px !important;}&#8221;][vc_column_text css=&#8221;.vc_custom_1521471519886{padding-top: 140px !important;}&#8221;]<\/p>\n<h1>TERMOS E CONDI\u00c7\u00d5ES<\/h1>\n<p>[\/vc_column_text]<a href='https:\/\/www.ipsenlearningnetwork.com\/' target='_self' title='' class='dt-sc-button   medium     '  style=\"background-color:#5bb848;border-color:#5bb848;color:#ffffff;\"> Back <\/a>[\/vc_column][\/vc_row][vc_row][vc_column css=&#8221;.vc_custom_1525109703980{margin-top: 15px !important;}&#8221; el_id=&#8221;termsandcondition_container&#8221;][vc_custom_heading text=&#8221;&#8221; google_fonts=&#8221;font_family:ABeeZee%3Aregular%2Citalic|font_style:400%20regular%3A400%3Anormal&#8221;][vc_column_text]O CLIMB (&#8220;Website&#8221;) foi desenvolvido e \u00e9 administrado por <strong>BEAUFOUR IPSEN FARMAC\u00caUTICA LTDA<\/strong><strong>.<\/strong> (doravante, juntamente com suas afiliadas, referidas como &#8220;Ipsen&#8221;). Seu acesso e uso do site est\u00e1 sujeito aos seguintes Termos e Condi\u00e7\u00f5es e \u00e0 legisla\u00e7\u00e3o aplic\u00e1vel. Ao acessar o Site, voc\u00ea declara aceitar, sem limita\u00e7\u00e3o, estes Termos e Condi\u00e7\u00f5es de Uso do Website.[\/vc_column_text][vc_custom_heading text=&#8221;1. Uso da Informa\u00e7\u00e3o&#8221; google_fonts=&#8221;font_family:ABeeZee%3Aregular%2Citalic|font_style:400%20regular%3A400%3Anormal&#8221;][vc_column_text]Este site foi desenvolvido com o prop\u00f3sito de levar educa\u00e7\u00e3o m\u00e9dica continuada aos m\u00e9dicos em um formato h\u00edbrido que envolve m\u00f3dulos de e-learning e treinamentos presenciais no Brasil. O objetivo do treinamento \u00e9 apoiar um aprendizado cont\u00ednuo da classe m\u00e9dica atrav\u00e9s de atualiza\u00e7\u00e3o cient\u00edfica e boas pr\u00e1ticas no manejo da espasticidade com a toxina botul\u00ednica A.<\/p>\n<p>Voc\u00ea n\u00e3o pode distribuir, modificar, transmitir, reutilizar, repassar ou usar qualquer informa\u00e7\u00e3o do Website para finalidades comerciais e deve considerar que tudo o que voc\u00ea v\u00ea ou l\u00ea neste Website \u00e9 protegido por direitos de propriedade intelectual e n\u00e3o pode ser usado, exceto conforme estabelecido aqui nestes Termos e Condi\u00e7\u00f5es e\/ou autoriza\u00e7\u00e3o da Ipsen.<\/p>\n<p>A Ipsen n\u00e3o garante nem declara que o uso de materiais e informa\u00e7\u00f5es exibidos no Website n\u00e3o infringir\u00e1 direitos de terceiros. Nenhuma licen\u00e7a ou direito sobre os materiais e informa\u00e7\u00f5es disponibilizadas, ou qualquer direito de propriedade intelectual da Ipsen ou de qualquer terceiro \u00e9 concedido ou conferido a voc\u00ea.<\/p>\n<p>Este Website pode conter ou fazer refer\u00eancia a informa\u00e7\u00f5es, tecnologias, produtos, processos ou outros direitos de propriedade da Ipsen e\/ou de terceiros. Nenhuma licen\u00e7a ou direito sobre qualquer uma das marcas, patentes, segredos de neg\u00f3cio, <em>know how<\/em>, tecnologias, produtos, processos e outros direitos de propriedade intelectual da Ipsen e\/ou de terceiros \u00e9 concedida ou conferida a voc\u00ea.[\/vc_column_text][vc_custom_heading text=&#8221;2. Limita\u00e7\u00e3o de Responsabilidade &#8221; google_fonts=&#8221;font_family:ABeeZee%3Aregular%2Citalic|font_style:400%20regular%3A400%3Anormal&#8221;][vc_column_text]Embora a Ipsen fa\u00e7a esfor\u00e7os razo\u00e1veis \u200b\u200bpara que as informa\u00e7\u00f5es contidas no Website sejam precisas e atualizadas, tais informa\u00e7\u00f5es podem conter imprecis\u00f5es ou erros tipogr\u00e1ficos. A Ipsen reserva-se o direito de fazer altera\u00e7\u00f5es, corre\u00e7\u00f5es e\/ou melhorias nas informa\u00e7\u00f5es a qualquer momento, sem aviso pr\u00e9vio. A Ipsen n\u00e3o oferece garantias ou declara\u00e7\u00f5es quanto \u00e0 exatid\u00e3o de qualquer informa\u00e7\u00e3o e n\u00e3o se responsabiliza por eventuais erros ou omiss\u00f5es no conte\u00fado do Website.<\/p>\n<p><strong>Todas as informa\u00e7\u00f5es s\u00e3o fornecidas &#8220;como est\u00e3o&#8221;. <\/strong><strong>A Ipsen n\u00e3o oferece garantias sobre a integridade ou exatid\u00e3o das informa\u00e7\u00f5es deste <\/strong><strong>Website ou seus poss\u00edveis usos. <\/strong><strong>Consequentemente, as informa\u00e7\u00f5es devem ser cuidadosamente avaliadas pelos <\/strong><strong>Usu\u00e1rios antes do uso. <\/strong><strong>Voc\u00ea pode usar essas informa\u00e7\u00f5es por sua pr\u00f3pria conta e risco. <\/strong><strong>Na extens\u00e3o m\u00e1xima permitida por lei, a <\/strong><strong>Ipsen, qualquer outra empresa do grupo <\/strong><strong>Ipsen, e qualquer outra parte envolvida na cria\u00e7\u00e3o, produ\u00e7\u00e3o ou entrega deste <\/strong><strong>Website, isenta-se de quaisquer garantias e\/ou responsabilidade por qualquer dano direto, incidental, consequente, danos indiretos ou danos morais decorrentes do acesso, uso ou i<\/strong><strong>mpossibilidade de usar este <\/strong><strong>Website, ou por quaisquer erros ou omiss\u00f5es no conte\u00fado do <\/strong><strong>Website.<\/strong> <strong>A Ipsen tamb\u00e9m n\u00e3o assume nenhuma responsabilidade e n\u00e3o ser\u00e1 respons\u00e1vel por quaisquer danos ou v\u00edrus que possam infectar seu equipamento ou outro dispositivo afetado por seu acesso ou uso das informa\u00e7\u00f5es do Website.<\/strong>[\/vc_column_text][vc_custom_heading text=&#8221;3. Informa\u00e7\u00f5es fornecidas por voc\u00ea &#8221; google_fonts=&#8221;font_family:ABeeZee%3Aregular%2Citalic|font_style:400%20regular%3A400%3Anormal&#8221;][vc_column_text]Salvo para os dados pessoais cobertos pela Pol\u00edtica de Privacidade deste Website, qualquer comunica\u00e7\u00e3o ou material que voc\u00ea transmita para o Website, incluindo quaisquer dados, perguntas, coment\u00e1rios, sugest\u00f5es ou semelhantes, \u00e9 e ser\u00e1 tratado como n\u00e3o confidencial e n\u00e3o propriet\u00e1rio.[\/vc_column_text][vc_custom_heading text=&#8221;4. Viola\u00e7\u00e3o destes Termos e Condi\u00e7\u00f5es&#8221; google_fonts=&#8221;font_family:ABeeZee%3Aregular%2Citalic|font_style:400%20regular%3A400%3Anormal&#8221;][vc_column_text]Se a Ipsen tomar conhecimento de que voc\u00ea violou qualquer um dos Termos e Condi\u00e7\u00f5es aqui contidos, poder\u00e1 tomar medidas corretivas imediatamente, incluindo impedir o Usu\u00e1rio de acessar e utilizar o Website, a qualquer momento e sem aviso pr\u00e9vio. Se a Ipsen for afetada ou prejudicada por sua viola\u00e7\u00e3o, poder\u00e1, a seu exclusivo crit\u00e9rio, buscar os ressarcimentos devidos pelos seus danos.[\/vc_column_text][vc_custom_heading text=&#8221;5. Atualiza\u00e7\u00f5es&#8221; google_fonts=&#8221;font_family:ABeeZee%3Aregular%2Citalic|font_style:400%20regular%3A400%3Anormal&#8221;][vc_column_text]A Ipsen pode, a qualquer momento, revisar estes Termos e Condi\u00e7\u00f5es, atualizando esta postagem e notificando o Usu\u00e1rio por meios razo\u00e1veis (como um e-mail ou uma janela pop-up no Website, atrav\u00e9s do qual voc\u00ea poder\u00e1 ser solicitado a dar seu consentimento para a vers\u00e3o alterada). Se voc\u00ea discordar dos novos Termos e Condi\u00e7\u00f5es, deve indic\u00e1-lo por meio do mecanismo fornecido pelo e-mail ou pop-up e, posteriormente, parar de acessar e usar o Website. Voc\u00ea deve visitar esta p\u00e1gina periodicamente para revisar os Termos e Condi\u00e7\u00f5es atuais aos quais est\u00e1 vinculado.<\/p>\n<p>A Ipsen se reserva o direito de descontinuar este Website a qualquer momento, sem qualquer \u00f4nus. Voc\u00ea receber\u00e1 um aviso no caso de interrup\u00e7\u00e3o.[\/vc_column_text][vc_custom_heading text=&#8221;6. Propriedade intelectual&#8221; google_fonts=&#8221;font_family:ABeeZee%3Aregular%2Citalic|font_style:400%20regular%3A400%3Anormal&#8221;][vc_column_text]O conte\u00fado deste Website \u00e9 protegido pelos direitos de propriedade intelectual aplic\u00e1veis. Todos os materiais e conte\u00fado deste Website n\u00e3o podem ser reproduzidos, exibidos ou usados \u200b\u200bde qualquer maneira, sem a autoriza\u00e7\u00e3o pr\u00e9via, por escrito, da Ipsen.[\/vc_column_text][vc_custom_heading text=&#8221;7. Eventos adversos &#8221; google_fonts=&#8221;font_family:ABeeZee%3Aregular%2Citalic|font_style:400%20regular%3A400%3Anormal&#8221;][vc_column_text]Voc\u00ea se compromete a <strong>informar a Ipsen sobre qualquer relato de evento adverso ou qualquer ocorr\u00eancia m\u00e9dica desfavor\u00e1vel<\/strong> com os seguintes dados: prescritor identific\u00e1vel, paciente identific\u00e1vel (nome, faixa et\u00e1ria, sexo \u2013 se aplic\u00e1vel), nome do medicamento (apresenta\u00e7\u00e3o completa) descri\u00e7\u00e3o do evento adverso e data do relato; utilizando os canais de comunica\u00e7\u00e3o conforme abaixo:<\/p>\n<p><strong>\u00a0<\/strong><\/p>\n<ul>\n<li><a href=\"https:\/\/www.ipsen.com\/brazil\/contato\/\">https:\/\/www.ipsen.com\/brazil\/contato\/<\/a><\/li>\n<li><a href=\"mailto:pharmacovigilance.brasil@ipsen.com\">pharmacovigilance.brasil@ipsen.com<\/a><\/li>\n<li>SAC: +55 0800 770 1820<\/li>\n<\/ul>\n<p>[\/vc_column_text][vc_custom_heading text=&#8221;8. Validade&#8221; google_fonts=&#8221;font_family:ABeeZee%3Aregular%2Citalic|font_style:400%20regular%3A400%3Anormal&#8221;][vc_column_text]A invalidade ou inexequibilidade de qualquer disposi\u00e7\u00e3o destes Termos e Condi\u00e7\u00f5es n\u00e3o afetar\u00e1 a validade ou exequibilidade das demais disposi\u00e7\u00f5es, que permanecer\u00e3o em pleno vigor e efeito, exceto quando a invalidade ou inexequibilidade se relacionar a um termo essencial destes Termos e Condi\u00e7\u00f5es.[\/vc_column_text][vc_custom_heading text=&#8221;9. Leis aplic\u00e1veis e resolu\u00e7\u00e3o de disputa&#8221; google_fonts=&#8221;font_family:ABeeZee%3Aregular%2Citalic|font_style:400%20regular%3A400%3Anormal&#8221;][vc_column_text]Estes Termos e Condi\u00e7\u00f5es e seu uso do Site ser\u00e3o regidos pelas leis brasileiras, exceto para as disposi\u00e7\u00f5es de direito internacional privado. Disputas que n\u00e3o possam ser resolvidas amigavelmente, ser\u00e3o submetidas \u00e0s cortes e tribunais do foro da Capital do estado de S\u00e3o Paulo.[\/vc_column_text][vc_column_text]Data da \u00faltima atualiza\u00e7\u00e3o destes Termos de Uso: 21\/12\/2020<\/p>\n<p>&nbsp;<\/p>\n<p>Material destinado exclusivamente \u00e0 classe m\u00e9dica<\/p>\n<p>Jan\/21 \u2013 DYS-BR-000731[\/vc_column_text][\/vc_column][\/vc_row]<\/p>\n<\/div>","protected":false},"excerpt":{"rendered":"<p>[vc_row full_width=&#8221;stretch_row&#8221; css=&#8221;.vc_custom_1539616984372{background-image: url(https:\/\/www.ipsenlearningnetwork.com\/websites\/CLIMB_BR_IPSENLEARNINGNET\/wp-content\/uploads\/2018\/10\/09141818\/homebg-3.png?id=84) !important;background-position: center !important;background-repeat: no-repeat !important;background-size: cover !important;}&#8221; addstyles=&#8221;background-position: center top;&#8221;][vc_column width=&#8221;1\/2&#8243; css=&#8221;.vc_custom_1521471498817{padding-bottom: 15px !important;}&#8221;][vc_column_text css=&#8221;.vc_custom_1521471519886{padding-top: 140px !important;}&#8221;] TERMOS E CONDI\u00c7\u00d5ES [\/vc_column_text][\/vc_column][\/vc_row][vc_row][vc_column css=&#8221;.vc_custom_1525109703980{margin-top: 15px !important;}&#8221; el_id=&#8221;termsandcondition_container&#8221;][vc_custom_heading text=&#8221;&#8221; google_fonts=&#8221;font_family:ABeeZee%3Aregular%2Citalic|font_style:400%20regular%3A400%3Anormal&#8221;][vc_column_text]O CLIMB (&#8220;Website&#8221;) foi desenvolvido e \u00e9 administrado por BEAUFOUR IPSEN FARMAC\u00caUTICA LTDA. (doravante, juntamente com suas afiliadas, referidas como &#8220;Ipsen&#8221;). Seu acesso e uso [&hellip;]<\/p>\n","protected":false},"author":1,"featured_media":0,"parent":0,"menu_order":0,"comment_status":"closed","ping_status":"closed","template":"tpl-home.php","meta":{"footnotes":""},"class_list":["post-292","page","type-page","status-publish","hentry"],"_links":{"self":[{"href":"https:\/\/www.ipsenlearningnetwork.com\/index.php?rest_route=\/wp\/v2\/pages\/292","targetHints":{"allow":["GET"]}}],"collection":[{"href":"https:\/\/www.ipsenlearningnetwork.com\/index.php?rest_route=\/wp\/v2\/pages"}],"about":[{"href":"https:\/\/www.ipsenlearningnetwork.com\/index.php?rest_route=\/wp\/v2\/types\/page"}],"author":[{"embeddable":true,"href":"https:\/\/www.ipsenlearningnetwork.com\/index.php?rest_route=\/wp\/v2\/users\/1"}],"replies":[{"embeddable":true,"href":"https:\/\/www.ipsenlearningnetwork.com\/index.php?rest_route=%2Fwp%2Fv2%2Fcomments&post=292"}],"version-history":[{"count":9,"href":"https:\/\/www.ipsenlearningnetwork.com\/index.php?rest_route=\/wp\/v2\/pages\/292\/revisions"}],"predecessor-version":[{"id":1977,"href":"https:\/\/www.ipsenlearningnetwork.com\/index.php?rest_route=\/wp\/v2\/pages\/292\/revisions\/1977"}],"wp:attachment":[{"href":"https:\/\/www.ipsenlearningnetwork.com\/index.php?rest_route=%2Fwp%2Fv2%2Fmedia&parent=292"}],"curies":[{"name":"wp","href":"https:\/\/api.w.org\/{rel}","templated":true}]}}